the third derivative of n(x). Give r(d).
-1
Suppose -2*v - 2*a + 34 = 0, -11*v + 2*a = -12*v + 21. Let o(h) = -h**3 + 13*h**2 - 5. Determine o(v).
-5
Let u(a) be the second derivative of a**5/2 + a**4/12 - a**2 - 8*a + 1. Give u(-1).
-11
Let q(k) = 1 - 21*k**3 - 2*k**2 + 44*k**3 - 21*k**3. Let w be q(1). Let o(f) = -7*f. Calculate o(w).
-7
Let d(n) = -n**3 - 5*n**2 - 4*n + 2. Let p be d(-4). Let b(o) = o + 0*o**2 - 4 + 3 - o**p. Let a be (-134)/(-335) - (-18)/(-10)*-2. What is b(a)?
-13
Let b(h) = h + 13. Let w be b(-9). Suppose 4*d + 4 = -w. Let r(x) = 17 - x - 13 + 2*x. What is r(d)?
2
Let o be (4 - ((-28)/(-8) + 0))*6. Let a(z) = -11*z + 2. Let q(n) = -20*n + 3. Let g(v) = o*q(v) - 5*a(v). Calculate g(4).
-21
Let m(k) be the third derivative of k**5/30 + k**4/3 - 11*k**3/6 - 203*k**2 + 1. Determine m(-5).
-1
Let t(w) be the third derivative of -w**4/8 + 5*w**3/6 - 251*w**2. Give t(-5).
20
Let w(z) be the third derivative of -z**6/120 - z**5/6 + 11*z**4/24 - z**3/3 - 69*z**2. Give w(-11).
-2
Let i(f) = f**2 - 2*f - 4. Let o(u) = -u**2 + 16*u - 49. Let j be o(5). Calculate i(j).
20
Let g = -54 - -60. Let r(q) = -2*q**3 + 0*q**2 + 3*q**2 - 8*q + 2 + g*q. Give r(2).
-6
Let v(t) = 21 + 8 - 11*t - t**2 + 6 - 59. Calculate v(-8).
0
Let y be (-12)/15 - (-1734)/255. Let t(g) = g**2 - 17*g + 61. What is t(y)?
-5
Let r(x) = x**3 - 5*x**2 - 4*x - 7. Let g be r(6). Let f(n) = n**2 - 3*n - 8. Let k be f(g). Let h(d) = -d**3 - d**k + 2*d + 3*d - 4*d**2 + d. Calculate h(-6).
0
Let c(s) be the first derivative of s**5/60 - s**4/6 - 7*s**3/6 - 5*s**2/2 + 7. Let o(y) be the second derivative of c(y). Determine o(6).
5
Let d(l) = -7*l**2 - 5*l. Let y(i) = 20*i**2 + 15*i - 1. Let t(r) = -17*d(r) - 6*y(r). Suppose 3 - 1 = 2*z. Let k be 2 - (0 + (z - -6)). What is t(k)?
6
Let s = -104 + 128. Suppose -7*u + 3*u = s. Let g(l) be the first derivative of -l**3/3 - 7*l**2/2 - 3*l + 2. Calculate g(u).
3
Let c(t) be the first derivative of -t**3/3 - 3*t**2/2 - 4. Let w = -39 + 35. What is c(w)?
-4
Suppose 0 = 2*v + 4*j - 178, 0*v = -3*v - 3*j + 261. Let s be (-36)/(-10)*v/51. Let n(m) = m**2 + 0*m + 0 - 9*m + s + 3. Determine n(7).
-5
Let c(u) = u**2 - 2*u + 5. Suppose -470*s = -460*s - 60. Calculate c(s).
29
Suppose 2*x + 0 = a + 3, a - 1 = 4*x. Let i(z) = -2*z - 4. What is i(a)?
10
Let d be -7 + (3 + -6 - -4). Let i(b) = b**3 + 6*b**2 - b. Give i(d).
6
Let s(r) be the first derivative of r**3 - 3*r**2/2 + 2*r - 292. Determine s(2).
8
Let h(x) be the third derivative of -x**4/24 - 2*x**2. Let p be (0/1)/(4/(-2)). Let y be (-3 + p - -1)/2. What is h(y)?
1
Let l be (-3)/(-5) + (-15 - (-14)/35). Let a(h) = h**3 + 13*h**2 - 15*h + 1. Calculate a(l).
15
Let v(s) = s**3 - 6*s**2 + s - 9. Let t be v(6). Let h be 2/t*(2 - (-21)/(-6)). Let j(p) = 9*p**3 + 2*p**2 - 1. Calculate j(h).
10
Let z(c) = -c**2 + 6*c + 9. Let y(i) = i**2 + 23*i + 68. Let x be y(-3). Give z(x).
-7
Suppose -4*s = 3*z - 0*s + 103, -5*s = 4*z + 138. Let y = z - -40. Let j(x) = x - 2. Determine j(y).
1
Let u(f) be the first derivative of -f**2/2 - 7*f + 81. Give u(0).
-7
Let q(c) = c - 1. Let f be (-660)/54 + 2/9. Let x be (3/2)/(f/(-16)). Suppose -x = -2*s + s. Determine q(s).
1
Let n(r) = 448 - 874 + 443 - 4*r. What is n(12)?
-31
Let r(d) = -d**2 - 1. Suppose -12 = 3*w, -12 = -0*i + i + 4*w. Suppose -5*j - i*x + 17 = -1, -16 = -4*j - 4*x. Calculate r(j).
-5
Let m(a) = a**3 + 17*a**2 + 21*a + 8. Let t be m(-16). Let q be (-2)/(-12) + 156/t. Let y(r) = 0*r + r + 1 - 3*r - 4*r**2. Calculate y(q).
-11
Let w(h) = 2*h + 11. Suppose -6*q + 5 = -7*q. Let d be w(q). Let g(s) = -3*s**3 - 1 + s**2 - 2*s**3 + 4*s**3. Determine g(d).
-1
Suppose 4*m - 4*s - 20 = 0, m + 4 = -3*s - 7. Let r(h) be the first derivative of 10*h**3/3 - h - 845. Give r(m).
9
Let i(t) = -4*t**2 + 19*t - 17. Let d be i(3). Let y(n) = n**3 - 2*n**2 - 7*n + 2. Determine y(d).
6
Let c = -1834 - -1837. Let k(d) be the second derivative of -1/2*d**2 + 0 + d + 5/6*d**c. Give k(-1).
-6
Let u(o) be the second derivative of o**3 + 1/2*o**2 + 0 - 6*o. Calculate u(2).
13
Let d(i) = 2*i + 12. Let v(q) = -2*q - 11. Suppose w = -3*f + 8, -f + w + 3*w = -7. Let t(k) = f*d(k) + 2*v(k). Calculate t(-10).
-6
Let q(t) be the first derivative of -t - 15 + 1/3*t**3 - 5/2*t**2. Let a(d) = -3*d**3 + 2*d**2 - 1. Let f be a(-1). Give q(f).
-5
Let h(s) be the second derivative of -s**5/20 - 2*s**4/3 + 4*s**3/3 - 9*s**2/2 + 35*s + 2. Give h(-9).
0
Suppose 0*y + 2 = -4*y + 2*u, 1 = 4*y - u. Let q(s) = -1 + 12*s**2 - 16*s**3 + 4*s**2 - 16*s**2 + 10*s**3 + 2*s. Calculate q(y).
-5
Suppose -8*k = -13*k - 2*y + 76, 0 = 2*y + 4. Let w(u) = 2*u - 16. Calculate w(k).
16
Suppose -3*a + 5*v = 10*v - 17, 5*v - 9 = -a. Let r(j) be the third derivative of 0*j - 2*j**2 - 1/3*j**3 - 1/6*j**a + 0. Give r(-4).
14
Let n(h) = h**2 + h + 1. Suppose 0 = -16*s + 6*s + 60. Let r(a) = a**3 + a**2 + a + 2. Let f(l) = s*n(l) - r(l). Give f(6).
-2
Let c be 6/9 + (-2)/3. Let v(o) = 3 + c*o + 2*o + 0*o + o. Suppose q - 1 = -5. Determine v(q).
-9
Let u = -124 + 118. Let x(c) = 2*c**2 + 13*c + 3. Determine x(u).
-3
Let w be (-21)/((-1)/10 - (-56)/(-40)). Let b(i) = -i**2 + 17*i - 3. Determine b(w).
39
Suppose -16*v - 12 = -14*v - 5*x, -5*v - 11 = -3*x. Let g(d) = -5*d**2 - d + 1. Calculate g(v).
-3
Let s(y) = 8*y. Suppose 2 = -4*m - 2*a, -3*a + 6 = 3. Determine s(m).
-8
Let c be (6/(-3))/((-8)/(-16)). Let k be (-4)/18 + (-534)/27. Let g be k/c - (-3)/(-1). Let z(h) = 2*h + 1. Give z(g).
5
Let k(m) = -4*m - 6. Suppose -4 + 12 = 2*f. Suppose -16 - 8 = -f*g - 4*a, 0 = -3*a. Suppose 8*d - g*d + 8 = 0. Give k(d).
10
Let x(k) = -k**2 + 14*k + 2. Let d(c) = c**2 + 18*c + 79. Let p be d(-5). Give x(p).
2
Let z(u) = 0 - 11 + 555591*u - 555590*u. Let k be (10/(-3))/(1/(-3)). Give z(k).
-1
Suppose -3*c = 3*q + 9, 0*c - 2*c + 5*q = -29. Let b(p) = 0*p**3 - 2 - 8*p**2 + c*p**2 + 7*p**2 - p**3 + p. Calculate b(2).
-4
Let x(n) = n**2 + 4*n + 15. Suppose -5*d + 5*c - 30 = 0, -4*d - 5*c - 3 - 21 = 0. Give x(d).
27
Let v(c) = -c**3 - 6*c**2 + 3*c - 8. Suppose 1 = x + 5*d + 3, 5*x = -4*d + 32. Let b be (4 - x)*2*(-3)/(-4). Give v(b).
-26
Let j(w) = 3*w**2 - 2*w + 5. Let g be j(0). Let o(c) = -2*c + 7. What is o(g)?
-3
Let z(u) = -u**3. Let r be 4/10 - (5 - 69/15). Give z(r).
0
Let l(b) = b**3 - 9*b**2 - 3*b + 11. Let n(q) = 4*q + 1. Let k be n(2). Let i be l(k). Let w be (-1)/4 - 68/i. Let c(m) = -3*m + 4. Determine c(w).
-8
Let r(f) = f**2 + 8*f + 7. Let m = 6 + 8. Let t = m - 8. Suppose -x + 25 = -t*x. Calculate r(x).
-8
Let c be 2/8 + (-111)/12. Let a(w) be the first derivative of w**3/3 + 11*w**2/2 + 10*w + 698. Calculate a(c).
-8
Let n(z) = z**2 + 4*z + 1. Let g(v) = v + 6. Let i = 138 + -78. Suppose -i = q + 5*q. Let u be g(q). Give n(u).
1
Let v(g) = g**2 + 6*g. Let n = -275 + 269. Calculate v(n).
0
Let s(l) be the second derivative of l**4/12 - 2*l**3/3 - 7*l**2/2 - 339*l. Give s(4).
-7
Let v(n) = n**2 - 2*n - 1. Let a be (0/(1 + 1))/(0 + -1). Let f be (-6)/(-4) - (a - (-5)/(-10)). Give v(f).
-1
Suppose 6*i = 7*i. Let f(u) = -u**3 + u**2 - u + 4. What is f(i)?
4
Let i(c) = -c**2 + 2. Let m(j) = -4*j**2 + j + 12. Let d(u) = -6*i(u) + m(u). What is d(1)?
3
Let z = -155 + 151. Let d(t) = 2*t**2 + 4*t - 2. Determine d(z).
14
Let o(a) be the second derivative of -a**6/720 + 7*a**5/120 - a**4/12 + 9*a. Let y(u) be the third derivative of o(u). What is y(3)?
4
Suppose -4*j + w = 0, 2 + 18 = 5*w. Let c(y) = y - 32*y**2 - 5*y + 31*y**2 + j + y. Calculate c(2).
-9
Let n(a) = -6*a**3 + 3*a**2 + 7*a + 5. Let y be n(-2). Let x(t) = t**3 - 5 + 6 - y*t - 8*t**2 + 52*t. Determine x(8).
9
Let s(v) be the second derivative of v**4/6 + 5*v**3/3 + v**2 + 33*v. Let b be s(-5). Let d(a) = a + 2. What is d(b)?
4
Let v(f) be the second derivative of 1/6*f**3 + 0 + f - 1/2*f**2. Give v(0).
-1
Let b(t) = t**2 + 9*t - 1. Let h(u) = -4*u**2 - 18*u - 18. Let n be h(-4). What is b(n)?
9
Suppose -2*g - 2*g = 20. Let h be 7 - 0*g/10. Let a(b) = -2*b + 10. Calculate a(h).
-4
Suppose 0*x + 33 = 2*x - 3*y, -4*y = 2*x + 2. Suppose -5*h - q = -x, -4*q - 2 = h - 0. Let z(p) = -2 + 15*p**2 - 26*p**h + 14*p**2 + 1. Give z(1).
2
Suppose -2*u - 3*u = -120. Suppose -t = -5*t + u. Let p(x) = -4 - 2*x + 3*x + x**2 + t*x - x. Calculate p(-6).
-4
Let x be